 13.
-2c
Convert -12 (base 8) to base 14.
-a
Convert 1 (base 12) to base 5.
1
Convert 21 (base 6) to base 7.
16
Convert 6 (base 8) to base 5.
11
What is 10 (base 14) in base 5?
24
2e (base 15) to base 9
48
1100 (base 2) to base 11
11
Convert 24 (base 13) to base 16.
1e
-65 (base 7) to base 8
-57
Convert 331 (base 4) to base 9.
67
-13 (base 16) to base 9
-21
What is -8 (base 14) in base 4?
-20
Convert -12 (base 13) to base 7.
-21
What is 255 (base 6) in base 2?
1101011
Convert -17 (base 11) to base 6.
-30
Convert 14 (base 15) to base 4.
103
7 (base 11) to base 4
13
What is 13 (base 8) in base 3?
102
What is 7 (base 14) in base 12?
7
Convert -b (base 14) to base 2.
-1011
-139 (base 11) to base 7
-322
1303 (base 4) to base 2
1110011
What is -14 (base 13) in base 6?
-25
What is -11 (base 3) in base 6?
-4
105 (base 9) to base 12
72
-14 (base 5) to base 16
-9
What is 1 (base 11) in base 15?
1
12 (base 13) to base 6
23
Convert -9b (base 12) to base 13.
-92
Convert 20 (base 5) to base 16.
a
Convert -42 (base 13) to base 7.
-105
Convert 2 (base 13) to base 11.
2
Convert -3 (base 13) to base 3.
-10
What is -35 (base 13) in base 5?
-134
Convert -5 (base 15) to base 7.
-5
What is 4 (base 12) in base 8?
4
Convert -5 (base 16) to base 11.
-5
-100010 (base 2) to base 14
-26
11 (base 2) to base 10
3
Convert 20 (base 3) to base 4.
12
-3 (base 10) to base 12
-3
What is -34 (base 12) in base 6?
-104
Convert 4 (base 8) to base 10.
4
-54 (base 7) to base 2
-100111
Convert 11 (base 3) to base 16.
4
-42 (base 9) to base 8
-46
2 (base 6) to base 16
2
What is 20 (base 8) in base 3?
121
What is 11 (base 15) in base 2?
10000
What is 3 (base 7) in base 15?
3
What is a (base 12) in base 5?
20
Convert 163 (base 7) to base 2.
1011110
Convert 3 (base 4) to base 14.
3
11 (base 5) to base 13
6
-211 (base 3) to base 2
-10110
-110 (base 4) to base 9
-22
What is 5 (base 8) in base 5?
10
What is -222 (base 3) in base 10?
-26
What is -4 (base 16) in base 2?
-100
Convert -26 (base 8) to base 10.
-22
-97 (base 10) to base 8
-141
1101 (base 2) to base 7
16
Convert -1 (base 10) to base 5.
-1
Convert -1000 (base 2) to base 12.
-8
What is -27 (base 15) in base 3?
-1101
Convert 100 (base 5) to base 13.
1c
What is 11 (base 15) in base 3?
121
-5 (base 14) to base 3
-12
Convert -122 (base 5) to base 12.
-31
Convert 4 (base 14) to base 3.
11
Convert 1011000 (base 2) to base 11.
80
Convert 17 (base 8) to base 12.
13
What is -3 (base 13) in base 3?
-10
382 (base 9) to base 14
189
a6 (base 14) to base 8
222
-14 (base 12) to base 9
-17
What is 15 (base 10) in base 7?
21
-50 (base 11) to base 10
-55
-27 (base 15) to base 16
-25
What is -1232 (base 5) in base 15?
-cc
-7 (base 16) to base 10
-7
Convert b (base 16) to base 11.
10
110 (base 3) to base 14
c
3 (base 5) to base 13
3
-4 (base 14) to base 2
-100
7e (base 15) to base 5
434
Convert 111000 (base 2) to base 5.
211
What is 143 (base 6) in base 10?
63
Convert 26 (base 14) to base 10.
34
What is -4 (base 10) in base 12?
-4
-3 (base 12) to base 11
-3
23 (base 11) to base 3
221
What is -1000 (base 2) in base 9?
-8
What is 1 (base 8) in base 12?
1
What is -248 (base 10) in base 16?
-f8
What is 3322 (base 4) in base 5?
2000
What is -8 (base 10) in base 4?
-20
-40 (base 9) to base 12
-30
What is -9 (base 14) in base 2?
-1001
Convert -11 (base 15) to base 14.
-12
Convert -19 (base 10) to base 14.
-15
What is 112 (base 8) in base 7?
134
Convert -160 (base 12) to base 3.
-22000
-4 (base 5) to base 2
-100
Convert 100 (base 2) to base 7.
4
0 (base 13) to base 2
0
Convert 2011 (base 3) to base 2.
111010
0 (base 11) to base 6
0
What is -1210 (base 3) in base 10?
-48
Convert -1 (base 10) to base 15.
-1
Convert -100000 (base 2) to base 4.
-200
Convert -2 (base 7) to base 6.
-2
-1 (base 13) to base 10
-1
Convert -9 (base 15) to base 2.
-1001
-124 (base 5) to base 3
-1110
Convert -1110 (base 3) to base 16.
-27
Convert -1552 (base 6) to base 9.
-525
What is 214 (base 7) in base 8?
155
Convert -165 (base 10) to base 14.
-bb
What is 12001 (base 3) in base 9?
161
What is 2 (base 7) in base 14?
2
23 (base 8) to base 16
13
-63 (base 8) to base 13
-3c
Convert -10 (base 3) to base 9.
-3
Convert c (base 16) to base 9.
13
What is c3 (base 15) in base 2?
10110111
What is 1c (base 16) in base 2?
11100
What is 57 (base 11) in base 5?
222
10 (base 5) to base 10
5
What is -2001 (base 3) in base 14?
-3d
What is -11 (base 8) in base 16?
-9
10110 (base 2) to base 8
26
Convert 24 (base 9) to base 15.
17
Convert -10000 (base 2) to base 3.
-121
What is -3 (base 16) in base 4?
-3
What is 5 (base 9) in base 8?
5
20 (base 3) to base 13
6
3 (base 6) to base 16
3
Convert -39 (base 14) to base 13.
-3c
7 (base 11) to base 2
111
What is -159 (base 14) in base 10?
-275
-10 (base 4) to base 6
-4
What is -11012 (base 3) in base 5?
-423
What is -1 (base 6) in base 8?
-1
Convert -20 (base 8) to base 10.
-16
-74 (base 14) to base 8
-146
What is 3b (base 16) in base 14?
43
What is 7 (base 10) in base 3?
21
12 (base 5) to base 3
21
What is -1001011 (base 2) in base 4?
-1023
-3 (base 9) to base 14
-3
What is -6 (base 14) in base 11?
-6
83 (base 9) to base 12
63
Convert 3 (base 5) to base 16.
3
10011 (base 2) to base 7
25
Convert -3 (base 7) to base 3.
-10
-17 (base 8) to base 5
-30
What is 3 (base 16) in base 8?
3
What is 67 (base 8) in base 11?
50
What is -13 (base 13) in base 11?
-15
What is 4 (base 11) in base 4?
10
Convert 26 (base 8) to base 7.
31
What is -122 (base 3) in base 14?
-13
-9 (base 13) to base 5
-14
Convert 1 (base 15) to base 4.
1
-61 (base 10) to base 5
-221
25 (base 16) to base 3
1101
Convert 2 (base 6) to base 4.
2
What is 10 (base 3) in base 16?
3
Convert -110101 (base 2) to base 16.
-35
What is -12 (base 15) in base 4?
-101
-163 (base 12) to base 13
-13b
-122 (base 5) to base 2
-100101
-7 (base 9) to base 12
-7
Convert -10 (base 8) to base 10.
-8
What is 263 (base 9) in base 8?
333
What is -44 (base 9) in base 12?
-34
-56 (base 11) to base 3
-2021
Convert -101 (base 4) to base 16.
-11
Convert -32 (base 15) to base 5.
-142
-53 (base 9) to base 5
-143
Convert 98 (base 12) to base 7.
224
-51 (base 11) to base 5
-211
Convert -14 (base 9) to base 5.
-23
Convert 73 (base 9) to base 10.
66
Convert 9 (base 16) to base 3.
100
What is 0 (base 8) in base 4?
0
100100101 (base 2) to base 3
101212
-1100 (base 3) to base 15
-26
Convert 9 (base 15) to base 14.
9
Convert 46 (base 11) to base 8.
62
What is -3 (base 12) in base 10?
-3
What is 1 (base 16) in base 6?
1
Convert 1 (base 2) to base 12.
1
Convert -13 (base 12) to base 2.
-1111
Convert 63 (base 10) to base 4.
333
103 (base 6) to base 15
29
Convert -34 (base 16) to base 7.
-103
Convert -9 (base 12) to base 9.
-10
What is -3 (base 9) in base 8?
-3
What is 0 (base 8) in base 7?
0
Convert 0 (base 9) to base 5.
0
Convert -22 (base 5) to base 4.
-30
What is 3 (base 6) in base 10?
3
Convert 88 (base 10) to base 8.
130
-30 (base 13) to base 14
-2b
0 (base 15) to base 13
0
3 (base 6) to base 10
3
-1 (base 12) to base 4
-1
What is 35 (base 8) in base 13?
23
2 (base 8) to base 14
2
Convert 4 (base 10) to base 14.
4
Convert 4 (base 10) to base 3.
11
What is -31 (base 9) in base 3?
-1001
-3 (base 11) to base 9
-3
Convert -d0 (base 15) to base 7.
-366
-1 (base 13) to base 10
-1
What is 20 (base 3) in base 7?
6
1 (base 6) to base 14
1
What is 57 (base 14) in base 4?
1031
6 (base 16) to base 11
6
-10 (base 4) to base 7
-4
What is -10 (base 15) in base 8?
-17
What is 1 (base 11) in base 16?
1
Convert -3 (base 13) to base 10.
-3
11 (base 3) to base 8
4
What is 1 (base 15) in base 2?
1
Convert -3 (base 11) to base 6.
-3
10 (base 8) to base 16
8
What is 503 (base 7) in base 13?
161
Convert -2 (base 10) to base 4.
-2
What is -5 (base 6) in base 2?
-101
Convert 53 (base 8) to base 5.
133
Convert -2 (base 4) to base 11.
-2
20 (base 11) to base 12
1a
What is -9 (base 14) in base 2?
-1001
Convert 2 (base 14) to base 4.
2
Convert 16c (base 13) to base 5.
2014
What is -a (base 14) in base 10?
-10
Convert 2 (base 13) to base 7.
2
Convert -31 (base 4) to base 6.
-21
12 (base 6) to base 4
20
What is 2 (base 15) in base 6?
2
Convert 10000 (base 2) to base 4.
100
Convert 3 (base 8) to base 5.
3
What is -6f (base 16) in base 5?
-421
Convert 2e (base 15) to base 1